
Let d(n) = 609*n + 11661. What is d(-19)?
90
Let x(c) = 1787*c + 36061. Determine x(-21).
-1466
Let t(v) = v**3 - 26*v**2 - 73*v + 266. Determine t(28).
-210
Let o(v) = v**3 + 17*v**2 - 49*v - 428. Give o(-5).
117
Let f(d) = -2*d**3 - 21*d**2 + 50*d + 522. Give f(-5).
-3
Let y(j) = 145567*j - 291145. Calculate y(2).
-11
Let w(b) = 273*b - 5830. What is w(35)?
3725
Let y(x) = -x**3 - 108*x**2 - 2804*x - 5710. Give y(-68).
2
Let k(v) = -v**2 + 1938*v + 144723. Calculate k(-72).
3
Let k(b) = -193*b + 1214. Give k(6).
56
Let h(s) = -9921*s - 634947. What is h(-64)?
-3
Let m(w) = -58663*w**2 + 762602*w + 15. What is m(13)?
-206
Let y(f) = -5*f**2 + 89373*f - 714841. Calculate y(8).
-177
Let q(r) = 10961*r - 482269. Give q(44).
15
Let v(q) = q**3 - 14*q**2 + 1395*q - 19483. Give v(14).
47
Let s(t) = -2*t**3 + 12*t**2 - 43*t + 34. Give s(3).
-41
Let t(k) = k**2 - 624*k - 25287. Give t(-38).
-131
Let w(z) = -38953*z - 272672. Calculate w(-7).
-1
Let r(j) = 153*j**3 - 163863*j**2 + 23*j - 24632. Calculate r(1071).
1
Let l(p) = p**3 - 56*p**2 - 1824*p + 3. Determine l(-23).
164
Let d(r) = -15*r**2 - 695*r + 7636. Determine d(11).
-1824
Let p(n) = -n**3 - 75*n**2 + 1150*n + 567. What is p(-88)?
39
Let c(h) = -63*h**3 + 501*h**2 + 18*h - 21. Give c(8).
-69
Let b(g) = 8*g**3 + 268*g**2 + 842*g + 12. What is b(-30)?
-48
Let g(p) = 39*p**2 + 1688*p + 1689. Give g(-1).
40
Let l(f) = -f**3 - 7*f**2 - 64*f + 48. Determine l(0).
48
Let l(y) = -2080*y + 31009. What is l(15)?
-191
Let j(p) = -36*p**3 - 25*p**2 + 8*p + 12. Determine j(-3).
735
Let v(u) = -u**2 + 45639*u + 456470. Determine v(-10).
-20
Let d(j) = 10*j**2 + 533*j - 804. What is d(-55)?
131
Let c(q) = 3*q**3 - 80*q**2 - 912*q + 29. Give c(-9).
-430
Let w(z) = 48*z**2 - 63953*z + 22644. Give w(1332).
0
Let r(k) = -342*k - 20180. Give r(-59).
-2
Let c(i) = -12*i**3 + 175*i**2 - 1681*i + 8387. Determine c(8).
-5
Let u(w) = -26*w**3 - 600*w**2 - 46*w - 8. Give u(-23).
-8
Let z(c) = -c**3 + 5*c**2 + 149*c + 65. Determine z(18).
-1465
Let q(o) = -5664*o + 28330. What is q(5)?
10
Let q(z) = 6*z**3 - 18*z**2 - 4*z + 14. Give q(3).
2
Let m(b) = 130*b - 1714. Calculate m(6).
-934
Let t(r) = 844*r - 145991. What is t(173)?
21
Let o(i) = 3083*i + 64837. Give o(-21).
94
Let g(o) = -15*o**2 + 2249*o + 9016. Give g(-4).
-220
Let g(y) = 3*y**3 - 5*y**2 + 87661*y + 175332. Give g(-2).
-34
Let s(b) = 6662*b - 113234. Calculate s(17).
20
Let b(v) = -18*v**3 - 614*v**2 - 70*v - 83. What is b(-34)?
-15
Let w(n) = 788*n + 136478. What is w(-173)?
154
Let m(l) = 11018*l - 969604. Determine m(88).
-20
Let q(r) = -4*r**3 - 1724*r**2 - 2175*r - 195652. Calculate q(-430).
-2
Let y(a) = -80019*a - 239983. Determine y(-3).
74
Let v(f) = 1248*f**2 - 33688*f - 187. Give v(27).
29
Let q(y) = 14784*y - 310490. Calculate q(21).
-26
Let j(k) = 13909*k + 55740. Determine j(-4).
104
Let a(t) = 4*t**3 - 147*t**2 - 353*t + 72. Calculate a(39).
-6
Let c(x) = -5*x**2 - 23*x + 346. Give c(11).
-512
Let y(b) = -4*b**2 - 1122*b + 47694. Calculate y(-318).
-6
Let r(j) = -3*j**3 + 20*j**2 - 362*j + 1774. Calculate r(5).
89
Let r(z) = -1228*z**2 + 78593*z - 154. Give r(64).
-90
Let m(w) = 162*w - 6531. What is m(29)?
-1833
Let c(j) = -157*j + 30435. What is c(180)?
2175
Let l(w) = 2*w**2 + 515*w + 19114. Calculate l(-45).
-11
Let x(w) = 20*w**3 + w**2 + 60*w - 76. Calculate x(6).
4640
Let u(j) = -4*j**2 + 83*j - 929. What is u(11)?
-500
Let q(p) = 8544*p - 427124. What is q(50)?
76
Let a(y) = -849*y - 64536. What is a(-76)?
-12
Let l(q) = 2116*q + 27621. Give l(-13).
113
Let s(h) = -8754*h + 3055145. Calculate s(349).
-1
Let k(y) = -y**2 - 146*y + 3434. What is k(21)?
-73
Let k(u) = -3*u**2 - 4864*u - 38864. Give k(-8).
-144
Let q(u) = 110*u + 195. Calculate q(-11).
-1015
Let x(o) = o**3 - 238*o**2 - 494*o + 3376. Determine x(240).
16
Let h(m) = 8*m**3 + 484*m**2 + 477*m - 8. Determine h(-1).
-9
Let d(y) = 95*y + 11267. Give d(-119).
-38
Let h(a) = 1596*a - 90964. Calculate h(57).
8
Let k(h) = 961*h + 1283. Calculate k(-2).
-639
Let d(s) = -s**2 + 734*s + 45873. Give d(-58).
-63
Let g(w) = -w**3 - 12*w**2 + 346*w + 3359. What is g(-9)?
2
Let g(d) = -7694*d + 507807. What is g(66)?
3
Let q(h) = 122*h**2 + 1489*h - 62. Calculate q(-5).
-4457
Let q(p) = 2*p**2 + 2268*p + 603775. What is q(-427)?
-3
Let i(l) = -l**2 - 146*l - 3955. Give i(-116).
-475
Let t(q) = 15*q**2 + 108*q - 734. Give t(9).
1453
Let m(z) = -z**3 - 9*z**2 + 197*z + 1841. Calculate m(-14).
63
Let w(x) = -7342*x - 1343591. Calculate w(-183).
-5
Let m(l) = -1741*l + 273368. Determine m(157).
31
Let q(y) = 16765*y + 150899. Calculate q(-9).
14
Let l(v) = -v**2 - 187*v + 1541. Give l(8).
-19
Let j(t) = 59*t**2 - 1585*t + 10518. What is j(15)?
18
Let d(w) = 4*w**2 - 1405*w - 5245. Determine d(355).
80
Let f(z) = 5*z**2 - 626*z + 10986. Determine f(21).
45
Let c(y) = -328*y + 156465. Calculate c(477).
9
Let j(c) = c**3 + 10*c**2 - 13*c - 200. Give j(-14).
-802
Let v(b) = -5*b**2 - 1488*b - 43194. Calculate v(-265).
1
Let d(f) = f**3 + 216*f**2 - 1124*f - 3286. Calculate d(-221).
913
Let t(d) = 85*d + 3073. What is t(-18)?
1543
Let f(m) = 5082*m**2 + 14846*m + 2. Calculate f(-3).
1202
Let u(h) = 3*h**2 - 1516*h - 79687. Calculate u(-48).
-7
Let i(j) = -43*j**2 - 465*j - 713. Determine i(-9).
-11
Let z(v) = 1250*v + 17508. What is z(-14)?
8
Let p(h) = -27*h**2 - 182*h + 87. Determine p(-8).
-185
Let w(s) = -392*s**2 + 5932*s - 792. Calculate w(15).
-12
Let y(a) = -5*a**3 - 777*a**2 + 1435*a + 28103. Determine y(-157).
0
Let r(l) = 70*l**2 - 1859*l - 521. What is r(27)?
316
Let q(m) = 4*m**3 - 2324*m**2 + 31752*m - 2. Determine q(567).
-2
Let d(y) = -2*y**2 - 714*y - 27074. Give d(-43).
-70
Let b(x) = -3722*x - 1901948. Give b(-511).
-6
Let o(t) = -31*t**3 - 827*t**2 + 218*t - 1408. Calculate o(-27).
-4
Let j(g) = -g**2 + 606542*g + 4852418. Determine j(-8).
18
Let p(v) = 627*v - 1624. What is p(3)?
257
Let w(g) = g**3 - 28*g**2 - 3633*g + 715. Calculate w(-48).
-5
Let v(s) = 82*s - 797. Calculate v(12).
187
Let o(k) = -235*k - 19541. What is o(-83)?
-36
Let h(g) = 2799*g + 103086. What is h(-37)?
-477
Let z(l) = -27484*l + 82506968. Calculate z(3002).
0
Let n(z) = 6606*z - 435992. What is n(66)?
4
Let o(k) = 143*k + 43948. Give o(-308).
-96
Let o(v) = 10*v**2 + 7591*v + 97013. Determine o(-13).
20
Let k(g) = g**3 - 148*g**2 - 170*g - 8. Give k(0).
-8
Let q(i) = 213*i - 162. Determine q(2).
264
Let y(r) = r**2 + 220*r + 4269. Determine y(-21).
90
Let n(u) = u**2 - 637*u + 31381. Calculate n(54).
-101
Let y(r) = r**3 - 37*r**2 - 116*r - 1328. Calculate y(40).
-1168
Let h(c) = -c**3 - 80*c**2 - 1510*c - 11. Calculate h(-50).
489
Let g(t) = -2*t**2 - 96*t - 191. Determine g(-64).
-2239
Let l(m) = -m**2 - 268*m - 17911. Calculate l(-137).
36
Let v(a) = 30*a**2 + 561*a - 167. Determine v(-19).
4
Let i(l) = -149*l**2 + 273*l + 268. What is i(-1)?
-154
Let s(w) = -201*w + 7600. Give s(35).
565
Let d(v) = -21*v**3 - 214*v**2 - 213*v - 16. What is d(-10)?
1714
Let k(y) = 2151*y**2 - 251663*y - 489. Determine k(117).
-21
Let y(q) = 4*q**3 + 35*q**2 + 69*q + 39. Give y(-7).
-101
Let f(h) = -315*h - 88. Determine f(4).
-1348
Let x(z) = 3923*z + 39256. What is x(-10)?
26
Let q(b) = 91*b**2 + 1942*b + 669. Determine q(-21).
18
Let a(p) = p**3 + 55*p**2 + 266*p - 153. Calculate a(-6).
15
Let b(k) = -14*k**2 - 1655*k + 1245. What is b(-119)?
-64
Let u(y) = -2497*y - 2957. Determine u(-1).
-460
Let i(h) = -h**3 - 49*h**2 - 614*h - 530. Calculate i(-27).
10
Let r(q) = 1240*q + 2290. Give r(-2).
-190
Let c(r) = -14*r**3 - 20*r**2 + 28*r - 12. Determine c(6).
-3588
Let g(c) = c**2 + 271*c + 8367. Calculate g(-43).
-1437
Let b(h) = h**3 - 8*h**2 + 379*h - 2549. Calculate b(7).
55
Let c(f) = 2*f**3 - 596*f**2 - 685*f + 26006. Calculate c(299).
-7
Let f(c) = -11*c**2 - 135*c + 264. Calculate f(2).
-50
Let n(x) = -340*x + 110177. What is n(324)?
17
Let y(t) = -810*t - 144586. Determine y(-180).
1214
Let z(p) = p**2 + 19*p - 3134. Give z(60).
1606
Let r(y) = 84*y**3 - 5*y**2 - 634*y + 1896. Calculate r(3).
2217
Let z(m) = 19*m**3 - 607*m**2 - 27*m - 147. Determine z(32).
13
Let g(i) = -122*i**2 - 1672*i - 4500. Determine g(-10).
20
Let k(n) = 39*n**2 - 669*n + 87. Calculate k(17).
-15
Let g(c) = -25*c - 2660. 